{"id":102,"date":"2018-09-11T19:08:00","date_gmt":"2018-09-11T19:08:00","guid":{"rendered":"https:\/\/www.sv-og-morsbach.de\/?page_id=102"},"modified":"2018-09-13T14:35:19","modified_gmt":"2018-09-13T14:35:19","slug":"impressum","status":"publish","type":"page","link":"https:\/\/www.sv-og-morsbach.de\/?page_id=102","title":{"rendered":"IMPRESSUM"},"content":{"rendered":"<h1>IMPRESSUM<\/h1>\n<p><strong>Inhaltlich verantwortlich f\u00fcr diesen Webauftritt:<\/strong><\/p>\n<p>Verein f\u00fcr Deutsche Sch\u00e4ferhunde e. V.<br \/>\nOrtsgruppe Morsbach<br \/>\nIm Buchenfeld<br \/>\n51597 Morsbach\/Volperhausen<\/p>\n<p>Tel. 01715417344<\/p>\n<p>oder<\/p>\n<p>Tel. 01716426783<\/p>\n<hr style=\"border-top: 1px solid #0e1015;\" \/>\n<p><strong>Gestaltung und Aufbau:<\/strong><\/p>\n<p><a href=\"https:\/\/diesite.de\" target=\"_blank\" rel=\"noopener\"><img loading=\"lazy\" decoding=\"async\" class=\"wp-image-484 alignnone\" src=\"https:\/\/www.sv-og-morsbach.de\/wp-content\/uploads\/2018\/09\/logo_ds.png\" alt=\"\" width=\"157\" height=\"62\" \/><\/a><\/p>\n<p>die|site Ruth Clever<br \/>\nLennefer M\u00fchle 1<br \/>\n51789 Lindlar<\/p>\n<p>02206 8527508<br \/>\n<a href=\"mailto:info@diesite.de\">info@diesite.de<\/a><br \/>\n<a href=\"https:\/\/diesite.de\" target=\"_blank\" rel=\"noopener\">diesite.de<\/a><\/p>\n<p>Die auf dieser Webseite gezeigten Bilder stammen aus dem Fotoarchiv des SV OG Morsbach und der Fotocommunity Pixabay (Creative Commons License).<\/p>\n","protected":false},"excerpt":{"rendered":"<p>IMPRESSUM Inhaltlich verantwortlich f\u00fcr diesen Webauftritt: Verein f\u00fcr Deutsche Sch\u00e4ferhunde e. V. Ortsgruppe Morsbach Im Buchenfeld 51597 Morsbach\/Volperhausen Tel. 01715417344 oder Tel. 01716426783 Gestaltung und Aufbau: die|site Ruth Clever Lennefer M\u00fchle 1 51789 Lindlar 02206 8527508 info@diesite.de diesite.de Die auf dieser Webseite gezeigten Bilder stammen aus dem Fotoarchiv des SV OG Morsbach und der Fotocommunity<\/p>\n<div><a class=\"btn-filled btn\" href=\"https:\/\/www.sv-og-morsbach.de\/?page_id=102\" title=\"IMPRESSUM\">Weiterlesen<\/a><\/div>\n","protected":false},"author":1,"featured_media":481,"parent":16,"menu_order":0,"comment_status":"closed","ping_status":"closed","template":"page-templates\/full-width.php","meta":{"footnotes":""},"class_list":["post-102","page","type-page","status-publish","has-post-thumbnail","hentry"],"jetpack_sharing_enabled":true,"_links":{"self":[{"href":"https:\/\/www.sv-og-morsbach.de\/index.php?rest_route=\/wp\/v2\/pages\/102","targetHints":{"allow":["GET"]}}],"collection":[{"href":"https:\/\/www.sv-og-morsbach.de\/index.php?rest_route=\/wp\/v2\/pages"}],"about":[{"href":"https:\/\/www.sv-og-morsbach.de\/index.php?rest_route=\/wp\/v2\/types\/page"}],"author":[{"embeddable":true,"href":"https:\/\/www.sv-og-morsbach.de\/index.php?rest_route=\/wp\/v2\/users\/1"}],"replies":[{"embeddable":true,"href":"https:\/\/www.sv-og-morsbach.de\/index.php?rest_route=%2Fwp%2Fv2%2Fcomments&post=102"}],"version-history":[{"count":11,"href":"https:\/\/www.sv-og-morsbach.de\/index.php?rest_route=\/wp\/v2\/pages\/102\/revisions"}],"predecessor-version":[{"id":559,"href":"https:\/\/www.sv-og-morsbach.de\/index.php?rest_route=\/wp\/v2\/pages\/102\/revisions\/559"}],"up":[{"embeddable":true,"href":"https:\/\/www.sv-og-morsbach.de\/index.php?rest_route=\/wp\/v2\/pages\/16"}],"wp:featuredmedia":[{"embeddable":true,"href":"https:\/\/www.sv-og-morsbach.de\/index.php?rest_route=\/wp\/v2\/media\/481"}],"wp:attachment":[{"href":"https:\/\/www.sv-og-morsbach.de\/index.php?rest_route=%2Fwp%2Fv2%2Fmedia&parent=102"}],"curies":[{"name":"wp","href":"https:\/\/api.w.org\/{rel}","templated":true}]}}