{"id":92,"date":"2018-09-11T19:06:37","date_gmt":"2018-09-11T19:06:37","guid":{"rendered":"https:\/\/www.sv-og-morsbach.de\/?page_id=92"},"modified":"2018-09-13T08:30:17","modified_gmt":"2018-09-13T08:30:17","slug":"der-verein","status":"publish","type":"page","link":"https:\/\/www.sv-og-morsbach.de\/?page_id=92","title":{"rendered":"DER VEREIN"},"content":{"rendered":"<h3>Chronik der OG Morsbach<\/h3>\n<style type=\"text\/css\">\n#foogallery-gallery-414.fg-masonry { --fg-gutter: 0px; }<\/style>\n\t\t\t<div class=\"foogallery foogallery-container foogallery-masonry foogallery-lightbox-none fg-center fg-masonry fg-ready fg-dark fg-border-thin fg-shadow-inset-medium fg-loaded-fade-in fg-hover-fade fg-col5\" id=\"foogallery-gallery-414\" data-foogallery=\"{&quot;item&quot;:{&quot;showCaptionTitle&quot;:false,&quot;showCaptionDescription&quot;:false},&quot;lazy&quot;:true}\" style=\"--fg-title-line-clamp: 0; --fg-description-line-clamp: 0;\" >\n\t\t<div class=\"fg-column-width\"><\/div>\n\t<div class=\"fg-gutter-width\"><\/div>\n\t\t<div class=\"fg-item fg-type-image fg-idle\"><figure class=\"fg-item-inner\"><a href=\"https:\/\/www.sv-og-morsbach.de\/wp-content\/uploads\/2018\/09\/20170320_193545.jpg\" data-attachment-id=\"415\" data-type=\"image\" class=\"fg-thumb\"><span class=\"fg-image-wrap\"><img fetchpriority=\"high\" decoding=\"async\" width=\"507\" height=\"761\" class=\"skip-lazy fg-image\" data-src-fg=\"https:\/\/www.sv-og-morsbach.de\/wp-content\/uploads\/2018\/09\/20170320_193545.jpg\" src=\"data:image\/svg+xml,%3Csvg%20xmlns%3D%22http%3A%2F%2Fwww.w3.org%2F2000%2Fsvg%22%20width%3D%22507%22%20height%3D%22761%22%20viewBox%3D%220%200%20507%20761%22%3E%3C%2Fsvg%3E\" loading=\"eager\"><\/span><span class=\"fg-image-overlay\"><\/span><\/a><\/figure><div class=\"fg-loader\"><\/div><\/div><div class=\"fg-item fg-type-image fg-idle\"><figure class=\"fg-item-inner\"><a href=\"https:\/\/www.sv-og-morsbach.de\/wp-content\/uploads\/2018\/09\/vt9.jpg\" data-attachment-id=\"419\" data-type=\"image\" class=\"fg-thumb\"><span class=\"fg-image-wrap\"><img decoding=\"async\" width=\"747\" height=\"1120\" class=\"skip-lazy fg-image\" data-src-fg=\"https:\/\/www.sv-og-morsbach.de\/wp-content\/uploads\/2018\/09\/vt9.jpg\" src=\"data:image\/svg+xml,%3Csvg%20xmlns%3D%22http%3A%2F%2Fwww.w3.org%2F2000%2Fsvg%22%20width%3D%22747%22%20height%3D%221120%22%20viewBox%3D%220%200%20747%201120%22%3E%3C%2Fsvg%3E\" loading=\"eager\"><\/span><span class=\"fg-image-overlay\"><\/span><\/a><\/figure><div class=\"fg-loader\"><\/div><\/div><div class=\"fg-item fg-type-image fg-idle\"><figure class=\"fg-item-inner\"><a href=\"https:\/\/www.sv-og-morsbach.de\/wp-content\/uploads\/2018\/09\/20180627_095313.jpg\" data-attachment-id=\"416\" data-type=\"image\" class=\"fg-thumb\"><span class=\"fg-image-wrap\"><img decoding=\"async\" width=\"543\" height=\"814\" class=\"skip-lazy fg-image\" data-src-fg=\"https:\/\/www.sv-og-morsbach.de\/wp-content\/uploads\/2018\/09\/20180627_095313.jpg\" src=\"data:image\/svg+xml,%3Csvg%20xmlns%3D%22http%3A%2F%2Fwww.w3.org%2F2000%2Fsvg%22%20width%3D%22543%22%20height%3D%22814%22%20viewBox%3D%220%200%20543%20814%22%3E%3C%2Fsvg%3E\" loading=\"eager\"><\/span><span class=\"fg-image-overlay\"><\/span><\/a><\/figure><div class=\"fg-loader\"><\/div><\/div><div class=\"fg-item fg-type-image fg-idle\"><figure class=\"fg-item-inner\"><a href=\"https:\/\/www.sv-og-morsbach.de\/wp-content\/uploads\/2018\/09\/IMG-20180720-WA0008.jpg\" data-attachment-id=\"417\" data-type=\"image\" class=\"fg-thumb\"><span class=\"fg-image-wrap\"><img decoding=\"async\" width=\"864\" height=\"1296\" class=\"skip-lazy fg-image\" data-src-fg=\"https:\/\/www.sv-og-morsbach.de\/wp-content\/uploads\/2018\/09\/IMG-20180720-WA0008.jpg\" src=\"data:image\/svg+xml,%3Csvg%20xmlns%3D%22http%3A%2F%2Fwww.w3.org%2F2000%2Fsvg%22%20width%3D%22864%22%20height%3D%221296%22%20viewBox%3D%220%200%20864%201296%22%3E%3C%2Fsvg%3E\" loading=\"eager\"><\/span><span class=\"fg-image-overlay\"><\/span><\/a><\/figure><div class=\"fg-loader\"><\/div><\/div><div class=\"fg-item fg-type-image fg-idle\"><figure class=\"fg-item-inner\"><a href=\"https:\/\/www.sv-og-morsbach.de\/wp-content\/uploads\/2018\/09\/vt1.jpg\" data-attachment-id=\"418\" data-type=\"image\" class=\"fg-thumb\"><span class=\"fg-image-wrap\"><img decoding=\"async\" width=\"1047\" height=\"1571\" class=\"skip-lazy fg-image\" data-src-fg=\"https:\/\/www.sv-og-morsbach.de\/wp-content\/uploads\/2018\/09\/vt1.jpg\" src=\"data:image\/svg+xml,%3Csvg%20xmlns%3D%22http%3A%2F%2Fwww.w3.org%2F2000%2Fsvg%22%20width%3D%221047%22%20height%3D%221571%22%20viewBox%3D%220%200%201047%201571%22%3E%3C%2Fsvg%3E\" loading=\"eager\"><\/span><span class=\"fg-image-overlay\"><\/span><\/a><\/figure><div class=\"fg-loader\"><\/div><\/div><\/div><style type=\"text\/css\">#foogallery-gallery-414.fg-dark .fg-item-inner {\r\n    background-color: #BCB09D;\r\n    color: antiquewhite;\r\n    border-color: #BCB09D;\r\n}<\/style>\n<div class='content-column one_half'><p>Im\u00a0April 1978\u00a0bem\u00fchte sich Herr W. Ehlgen mit einer Interessengemeinschaft des Vereins f\u00fcr Deutsche Sch\u00e4ferhunde und einigen Mitgliedern um ein passendes Grundst\u00fcck bei der Gemeinde Morsbach anzumieten.<\/p><\/div>\n<div class='content-column one_half last_column'><p>Nachdem im Vorfeld die notwendigen Formalit\u00e4ten mit dem SV zwecks Gr\u00fcndung einer Ortsgruppe Morsbach get\u00e4tigt und die Bereitstellung eines \u00dcbungsgel\u00e4ndes durch die Gemeinde Morsbach\u00a0 best\u00e4tigt war, fand <strong>am\u00a028.04.1979 die Gr\u00fcndungsversammlung\u00a0<\/strong>im damaligen \u201eHaus am Kurpark\u201c statt.<\/p><\/div><div class='clear_column'><\/div>\n<p>Einstimmig wurden in den\u00a0ersten Vorstand\u00a0gew\u00e4hlt:<\/p>\n<table  class=\" table table-hover\" width=\"0\">\n<tbody>\n<tr>\n<td>Vorsitzender:<\/td>\n<td>Thomas Kokolinsky<\/td>\n<\/tr>\n<tr>\n<td>Ausbildungswart:<\/td>\n<td>Fritz H\u00e4rter, Waldbr\u00f6l<\/td>\n<\/tr>\n<tr>\n<td>Stellvertreter:<\/td>\n<td>Werner Wilhelm, Morsbach<\/td>\n<\/tr>\n<tr>\n<td>Schriftwart:<\/td>\n<td>Willy Ehlgen, Morsbach<\/td>\n<\/tr>\n<tr>\n<td>Kassiererin:<\/td>\n<td>Inge Schr\u00f6der<\/td>\n<\/tr>\n<\/tbody>\n<\/table>\n<p>&nbsp;<\/p>\n<div class='content-column one_half'><p>Anschaffungen ben\u00f6tigter Ausbildungsmaterialien wurden durch gro\u00dfz\u00fcgige Spenden\u00a0 Morsbacher Gesch\u00e4ftsleute finanziert. Fritz H\u00e4rter schenkte dem Verein 2 Welpen zum Verkauf.<\/p>\n<p>Im\u00a0Mai 1979\u00a0wurde das \u00dcbungsgel\u00e4nde gem\u00e4ht, 6 Verstecke, zwei H\u00fcrden und eine Umz\u00e4unung\u00a0 aufgestellt.<\/p>\n<p>Das erste Vereinsheim, in dem am\u00a07.10.1979 die erste Versammlung\u00a0stattfand, wurde von der Firma Schmidt &amp; Brast gestiftet.<\/p><\/div><div class='content-column one_half last_column'><p>Als erste Figuranten stellten sich Peter Sauerbach, Th. Kokulinsky und Fredy Muth zur Verf\u00fcgung.<\/p>\n<p>Die Geschicke des Vereins wurden weiter von folgenden\u00a0Vorsitzenden\u00a0gelenkt:<\/p>\n<p>G\u00fcnter Stausberg 1980 \u20131988<br \/>\nHelmut Klein 1988 \u2013 1991<br \/>\nG\u00fcnter Stausberg 1991 \u2013 2010<br \/>\nHeinz Held 2010 \u2013 heute<\/div><div class='clear_column'><\/div><\/p>\n<style type=\"text\/css\">\n#foogallery-gallery-408.fg-masonry { --fg-gutter: 0px; }<\/style>\n\t\t\t<div class=\"foogallery foogallery-container foogallery-masonry foogallery-lightbox-none fg-center fg-masonry fg-ready fg-dark fg-border-thin fg-shadow-inset-medium fg-loaded-fade-in fg-hover-fade fg-col5\" id=\"foogallery-gallery-408\" data-foogallery=\"{&quot;item&quot;:{&quot;showCaptionTitle&quot;:false,&quot;showCaptionDescription&quot;:false},&quot;lazy&quot;:true}\" style=\"--fg-title-line-clamp: 0; --fg-description-line-clamp: 0;\" >\n\t\t<div class=\"fg-column-width\"><\/div>\n\t<div class=\"fg-gutter-width\"><\/div>\n\t\t<div class=\"fg-item fg-type-image fg-idle\"><figure class=\"fg-item-inner\"><a href=\"https:\/\/www.sv-og-morsbach.de\/wp-content\/uploads\/2018\/09\/17.jpg\" data-attachment-id=\"409\" data-type=\"image\" class=\"fg-thumb\"><span class=\"fg-image-wrap\"><img decoding=\"async\" width=\"1920\" height=\"1280\" class=\"skip-lazy fg-image\" data-src-fg=\"https:\/\/www.sv-og-morsbach.de\/wp-content\/uploads\/2018\/09\/17.jpg\" src=\"data:image\/svg+xml,%3Csvg%20xmlns%3D%22http%3A%2F%2Fwww.w3.org%2F2000%2Fsvg%22%20width%3D%221920%22%20height%3D%221280%22%20viewBox%3D%220%200%201920%201280%22%3E%3C%2Fsvg%3E\" loading=\"eager\"><\/span><span class=\"fg-image-overlay\"><\/span><\/a><\/figure><div class=\"fg-loader\"><\/div><\/div><div class=\"fg-item fg-type-image fg-idle\"><figure class=\"fg-item-inner\"><a href=\"https:\/\/www.sv-og-morsbach.de\/wp-content\/uploads\/2018\/09\/20170614_223044.jpg\" data-attachment-id=\"410\" data-type=\"image\" class=\"fg-thumb\"><span class=\"fg-image-wrap\"><img decoding=\"async\" width=\"773\" height=\"515\" class=\"skip-lazy fg-image\" data-src-fg=\"https:\/\/www.sv-og-morsbach.de\/wp-content\/uploads\/2018\/09\/20170614_223044.jpg\" src=\"data:image\/svg+xml,%3Csvg%20xmlns%3D%22http%3A%2F%2Fwww.w3.org%2F2000%2Fsvg%22%20width%3D%22773%22%20height%3D%22515%22%20viewBox%3D%220%200%20773%20515%22%3E%3C%2Fsvg%3E\" loading=\"eager\"><\/span><span class=\"fg-image-overlay\"><\/span><\/a><\/figure><div class=\"fg-loader\"><\/div><\/div><div class=\"fg-item fg-type-image fg-idle\"><figure class=\"fg-item-inner\"><a href=\"https:\/\/www.sv-og-morsbach.de\/wp-content\/uploads\/2018\/09\/20180717_092347.jpg\" data-attachment-id=\"411\" data-type=\"image\" class=\"fg-thumb\"><span class=\"fg-image-wrap\"><img decoding=\"async\" width=\"1280\" height=\"854\" class=\"skip-lazy fg-image\" data-src-fg=\"https:\/\/www.sv-og-morsbach.de\/wp-content\/uploads\/2018\/09\/20180717_092347.jpg\" src=\"data:image\/svg+xml,%3Csvg%20xmlns%3D%22http%3A%2F%2Fwww.w3.org%2F2000%2Fsvg%22%20width%3D%221280%22%20height%3D%22854%22%20viewBox%3D%220%200%201280%20854%22%3E%3C%2Fsvg%3E\" loading=\"eager\"><\/span><span class=\"fg-image-overlay\"><\/span><\/a><\/figure><div class=\"fg-loader\"><\/div><\/div><div class=\"fg-item fg-type-image fg-idle\"><figure class=\"fg-item-inner\"><a href=\"https:\/\/www.sv-og-morsbach.de\/wp-content\/uploads\/2018\/09\/DSCF2979.jpg\" data-attachment-id=\"412\" data-type=\"image\" class=\"fg-thumb\"><span class=\"fg-image-wrap\"><img decoding=\"async\" width=\"1280\" height=\"853\" class=\"skip-lazy fg-image\" data-src-fg=\"https:\/\/www.sv-og-morsbach.de\/wp-content\/uploads\/2018\/09\/DSCF2979.jpg\" src=\"data:image\/svg+xml,%3Csvg%20xmlns%3D%22http%3A%2F%2Fwww.w3.org%2F2000%2Fsvg%22%20width%3D%221280%22%20height%3D%22853%22%20viewBox%3D%220%200%201280%20853%22%3E%3C%2Fsvg%3E\" loading=\"eager\"><\/span><span class=\"fg-image-overlay\"><\/span><\/a><\/figure><div class=\"fg-loader\"><\/div><\/div><div class=\"fg-item fg-type-image fg-idle\"><figure class=\"fg-item-inner\"><a href=\"https:\/\/www.sv-og-morsbach.de\/wp-content\/uploads\/2018\/09\/unbenannt_IMG.jpg\" data-attachment-id=\"413\" data-type=\"image\" class=\"fg-thumb\"><span class=\"fg-image-wrap\"><img decoding=\"async\" width=\"1280\" height=\"853\" class=\"skip-lazy fg-image\" data-src-fg=\"https:\/\/www.sv-og-morsbach.de\/wp-content\/uploads\/2018\/09\/unbenannt_IMG.jpg\" src=\"data:image\/svg+xml,%3Csvg%20xmlns%3D%22http%3A%2F%2Fwww.w3.org%2F2000%2Fsvg%22%20width%3D%221280%22%20height%3D%22853%22%20viewBox%3D%220%200%201280%20853%22%3E%3C%2Fsvg%3E\" loading=\"eager\"><\/span><span class=\"fg-image-overlay\"><\/span><\/a><\/figure><div class=\"fg-loader\"><\/div><\/div><\/div><style type=\"text\/css\">#foogallery-gallery-408.fg-dark .fg-item-inner {\r\n    background-color: #BCB09D;\r\n    color: antiquewhite;\r\n    border-color: #BCB09D;\r\n}<\/style>\n<div class='content-column one_half'><p>Seit Gr\u00fcndung hat der Verein eine stetig positive Entwicklung im sportlichen, gesellschaftlichen und kameradschaftlichen Bereich genommen und ist zu einer homogenen Gruppe gewachsen, an der alle Aktiven positiven Anteil haben.<\/p>\n<blockquote><p>Ziele des Vereins waren und sind die Hundeausbildung in effektiven \u00dcbungsstunden, das Heranf\u00fchren junger und neuer Interessenten an den Hundesport und die Qualifizierung zur Erlangung bestimmter Pr\u00fcfungsanforderungen, wie sie im SV verlangt werden.<\/p><\/blockquote><\/div>\n<div class='content-column one_half last_column'><p>Des Weiteren versuchen einige Z\u00fcchter durch die Auswahl guten Zuchtmaterials leistungsf\u00e4hige Junghunde f\u00fcr den Sport bereit zu stellen.<\/p>\n<p>\u00dcberpr\u00fcft und f\u00fcr die \u00d6ffentlichkeit sichtbar wird die Leistungsf\u00e4higkeit von Hunden und Hundef\u00fchrern in j\u00e4hrlich stattfindenden\u00a0Wettk\u00e4mpfen und Pr\u00fcfungen.<\/p>\n<p>Durch Vereinsfeste, Wanderungen,\u00a0 Ausfl\u00fcge, Besuche von Meisterschaften wird der Zusammenhalt unter den Vereinsmitgliedern und ihren Familien heute st\u00e4ndig gepr\u00e4gt und gest\u00e4rkt.<\/p>\n<p><em>\u00a0SV-OG-Morsbach<\/em><\/p><\/div><div class='clear_column'><\/div>\n<p>&nbsp;<\/p>\n<p>&nbsp;<\/p>\n","protected":false},"excerpt":{"rendered":"<p>Chronik der OG Morsbach Einstimmig wurden in den\u00a0ersten Vorstand\u00a0gew\u00e4hlt: Vorsitzender: Thomas Kokolinsky Ausbildungswart: Fritz H\u00e4rter, Waldbr\u00f6l Stellvertreter: Werner Wilhelm, Morsbach Schriftwart: Willy Ehlgen, Morsbach Kassiererin: Inge Schr\u00f6der &nbsp; &nbsp; &nbsp;<\/p>\n","protected":false},"author":1,"featured_media":0,"parent":16,"menu_order":0,"comment_status":"closed","ping_status":"closed","template":"page-templates\/full-width.php","meta":{"footnotes":""},"class_list":["post-92","page","type-page","status-publish","hentry"],"jetpack_sharing_enabled":true,"_links":{"self":[{"href":"https:\/\/www.sv-og-morsbach.de\/index.php?rest_route=\/wp\/v2\/pages\/92","targetHints":{"allow":["GET"]}}],"collection":[{"href":"https:\/\/www.sv-og-morsbach.de\/index.php?rest_route=\/wp\/v2\/pages"}],"about":[{"href":"https:\/\/www.sv-og-morsbach.de\/index.php?rest_route=\/wp\/v2\/types\/page"}],"author":[{"embeddable":true,"href":"https:\/\/www.sv-og-morsbach.de\/index.php?rest_route=\/wp\/v2\/users\/1"}],"replies":[{"embeddable":true,"href":"https:\/\/www.sv-og-morsbach.de\/index.php?rest_route=%2Fwp%2Fv2%2Fcomments&post=92"}],"version-history":[{"count":7,"href":"https:\/\/www.sv-og-morsbach.de\/index.php?rest_route=\/wp\/v2\/pages\/92\/revisions"}],"predecessor-version":[{"id":507,"href":"https:\/\/www.sv-og-morsbach.de\/index.php?rest_route=\/wp\/v2\/pages\/92\/revisions\/507"}],"up":[{"embeddable":true,"href":"https:\/\/www.sv-og-morsbach.de\/index.php?rest_route=\/wp\/v2\/pages\/16"}],"wp:attachment":[{"href":"https:\/\/www.sv-og-morsbach.de\/index.php?rest_route=%2Fwp%2Fv2%2Fmedia&parent=92"}],"curies":[{"name":"wp","href":"https:\/\/api.w.org\/{rel}","templated":true}]}}